a multiple of 265?
True
Is 2130610 a multiple of 166?
True
Does 221 divide 245716640?
True
Is 195597903 a multiple of 5?
False
Is 127 a factor of 121300793?
False
Is 2024 a factor of 1978276436?
False
Is 81 a factor of 1451391858?
True
Is 360964711 a multiple of 15?
False
Is 829940792 a multiple of 214?
True
Does 576 divide 388419840?
True
Does 615 divide 25073905?
False
Is 40 a factor of 1288637698?
False
Is 24 a factor of 5589443317?
False
Is 33333366 a multiple of 288?
False
Does 133 divide 35408856?
True
Is 3134 a factor of 511518944?
True
Does 394 divide 515321662?
True
Is 1392 a factor of 393876144?
True
Does 345 divide 4998705?
True
Is 2981476512 a multiple of 84?
True
Is 2689 a factor of 198890179?
False
Does 16 divide 103696830?
False
Is 127326043 a multiple of 155?
False
Is 8 a factor of 470450894?
False
Is 67597860 a multiple of 242?
True
Is 67 a factor of 666564?
False
Is 35 a factor of 107887885?
True
Does 24 divide 7342848?
True
Is 10181702 a multiple of 97?
True
Does 88 divide 6029584?
True
Is 217100708 a multiple of 2118?
False
Does 37 divide 913826?
True
Does 1717 divide 19569010?
False
Does 2686 divide 289147900?
True
Does 13 divide 1210234849?
False
Is 22012977 a multiple of 8?
False
Does 34 divide 10278166?
True
Does 66 divide 1344933480?
True
Is 318 a factor of 1277332542?
True
Does 56 divide 1312409280?
True
Is 1197 a factor of 72320863?
False
Is 5037 a factor of 674766594?
True
Does 1836 divide 27283867?
False
Is 218190574 a multiple of 1106?
True
Is 4 a factor of 291472994?
False
Is 382056320 a multiple of 173?
False
Is 46824960 a multiple of 52?
True
Is 73926638 a multiple of 199?
False
Does 159 divide 246049740?
False
Is 159289400 a multiple of 34?
False
Is 31 a factor of 1148395?
True
Is 542220266 a multiple of 383?
False
Does 4 divide 3815520?
True
Is 15411748 a multiple of 1012?
True
Is 310 a factor of 38270120?
True
Does 81 divide 1297129?
False
Does 1824 divide 44259195?
False
Does 63 divide 77447527?
False
Is 42555800 a multiple of 100?
True
Is 627375585 a multiple of 1527?
True
Is 2411493315 a multiple of 3865?
True
Is 49 a factor of 4763416860?
False
Does 80 divide 56278640?
True
Does 1016 divide 102513384?
True
Does 2 divide 33295594?
True
Is 477186816 a multiple of 48?
True
Does 544 divide 5783095426?
False
Is 46 a factor of 8034687?
False
Is 100 a factor of 541156800?
True
Does 17 divide 6956884?
False
Is 202013948 a multiple of 10?
False
Is 528 a factor of 16101888?
True
Is 1965 a factor of 17409900?
True
Is 14939862 a multiple of 49?
False
Is 20 a factor of 75644460?
True
Is 113 a factor of 38145440?
False
Is 54 a factor of 945686588?
False
Is 56151579 a multiple of 48?
False
Is 39133966 a multiple of 3?
False
Is 49706664 a multiple of 42?
True
Does 24 divide 158722440?
True
Does 1527 divide 22469805?
True
Is 562 a factor of 128683953?
False
Does 1317 divide 104553016?
False
Is 172823164 a multiple of 467?
False
Is 391 a factor of 963033?
True
Is 55041966 a multiple of 126?
True
Is 155 a factor of 11532000?
True
Does 100 divide 588074500?
True
Is 13 a factor of 69730498?
False
Does 8 divide 16187976?
True
Is 13 a factor of 784503798?
True
Is 187 a factor of 127740649?
False
Is 29 a factor of 45147954?
True
Is 920 a factor of 2485220799?
False
Does 243 divide 22818429?
True
Is 65274996 a multiple of 61?
False
Does 296 divide 10280381?
False
Is 27 a factor of 1557991341?
True
Is 25331700 a multiple of 255?
True
Is 4 a factor of 20782615?
False
Is 4287 a factor of 1452093593?
False
Does 279 divide 118501191?
False
Is 72683072 a multiple of 3784?
True
Does 808 divide 313315736?
True
Is 21 a factor of 19594113?
True
Does 91 divide 20115550?
True
Does 579 divide 2331095109?
True
Is 12 a factor of 1486067867?
False
Is 243808766 a multiple of 4?
False
Is 105 a factor of 52366504?
False
Does 750 divide 50445603?
False
Is 1284616284 a multiple of 42?
True
Does 3 divide 602021?
False
Is 36421455 a multiple of 21?
True
Does 18 divide 46819602?
True
Is 100 a factor of 1992051997?
False
Does 130 divide 78552370?
True
Is 28159360 a multiple of 230?
True
Does 10 divide 17992430?
True
Is 4224498 a multiple of 3?
True
Is 762 a factor of 1447893449?
False
Is 706 a factor of 46112390?
True
Does 1568 divide 24849664?
True
Is 147 a factor of 587440665?
True
Is 68 a factor of 4230551668?
False
Is 691921 a multiple of 43?
False
Is 34 a factor of 1487244626?
True
Is 1218182961 a multiple of 10?
False
Does 233 divide 5050783?
False
Is 473 a factor of 30554854?
True
Does 35 divide 144301080?
True
Is 936714 a multiple of 2?
True
Is 500 a factor of 2126523?
False
Is 91107828 a multiple of 1071?
True
Is 33786844 a multiple of 182?
True
Is 695051984 a multiple of 11363?
True
Is 100849104 a multiple of 366?
True
Is 381415474 a multiple of 13?
False
Is 171113256 a multiple of 424?
True
Does 27 divide 3692209864?
False
Is 5600554 a multiple of 1230?
False
Is 9 a factor of 1745960858?
False
Does 17 divide 80167024?
False
Does 36 divide 3528716?
False
Does 28 divide 589098804?
True
Does 2570 divide 54142190?
True
Is 5316 a factor of 2553960564?
True
Is 29 a factor of 16475248?
True
Is 44937975 a multiple of 23?
True
Is 92303956 a multiple of 41?
True
Does 228 divide 856022872?
False
Is 427 a factor of 685344821?
True
Is 618385337 a multiple of 83?
False
Is 781 a factor of 64514505?
True
Does 19 divide 213157409?
True
Does 1344 divide 62409984?
True
Is 141574776 a multiple of 8?
True
Is 11 a factor of 310236542?
True
Is 2 a factor of 20791197?
False
Is 32973704 a multiple of 5?
False
Is 11 a factor of 48726264?
False
Is 1148983 a multiple of 10?
False
Is 6 a factor of 29491477?
False
Is 221369445 a multiple of 55?
True
Is 133 a factor of 127704871?
True
Is 1954 a factor of 16631288?
False
Is 23 a factor of 254828567?
False
Is 101 a factor of 329630367?
True
Is 38 a factor of 1286072?
True
Does 770 divide 345823940?
True
Does 45 divide 9400085?
False
Does 669 divide 28597074?
True
Is 3988404 a multiple of 196?
True
Is 1329 a factor of 71730117?
True
Is 3089 a factor of 20225277?
False
Is 16312778 a multiple of 135?
False
Is 408 a factor of 35140850?
False
Does 442 divide 442400894?
True
Is 85122293 a multiple of 53?
True
Does 6 divide 218870226?
True
Is 1722684780 a multiple of 285?
True
Does 162 divide 514222020?
True
Is 33 a factor of 3262333?
False
Is 66 a factor of 34223244?
True
Does 398 divide 10788873?
False
Is 69 a factor of 898725897?
True
Does 10 divide 494531146?
False
Does 3 divide 53081228?
False
Is 881 a factor of 10764058?
True
Does 34 divide 27087290?
True
Is 6178 a factor of 384540172?
False
Does 97 divide 930530878?
False
Is 178 a factor of 21443426?
False
Is 544 a factor of 7678560?
True
Does 171 divide 5391459?
True
Is 100 a factor of 26674100?
True
Does 770 divide 84617588?
False
Is 191875071 a multiple of 425?
False
Is 179030264 a multiple of 2113?
True
Does 621 divide 119463012?
True
Is 42269389 a multiple of 8?
False
Does 30 divide 256920810?
True
Is 969425 a multiple of 2281?
True
Does 2191 divide 171789737?
True
Is 8413158 a multiple of 39?
True
Is 769119052 a multiple of 31?
True
Does 86 divide 25356498?
True
Does 26 divide 5880836?
True
Is 338179452 a multiple of 2182?
True
Is 261650736 a multiple of 1011?
False
Is 5 a factor of 36116558?
False
Is 191 a factor of 169751119?
False
Is 609 a factor of 8094795?
False
Is 589160609 even?
False
Is 50 a factor of 25364900?
True
Is 242 a factor of 7322928?
False
Does 13 divide 513479980?
True
Is 4254 a factor of 447570223?
False
Is 24 a factor of 4638240?
True
Does 23 divide 326873838?
True
Does 81 divide 156386457?
True
Does 196 divide 153308174?
False
Is 7295 a factor of 2929733625?
False
Does 453 divide 200719751?
False
Does 27 divide 7563604?
False
Does 957 divide 2217599441?
False
Is 1556 a factor of 576586321?
False
Does 2271 divide 18277008?
True
Is 63 a factor of 33233697?
True
Is 449773412 a multiple of 7?
False
Does 5 divide 391440434?
False
Does 10 divide 49310890?
True
Is 1087 a factor of 17405044?
True
Does 1071 divide 1369165329?
True
Does 252 divide 53219662?
False
Is 1204 a factor of 80055164?
True
Is 3010797 a multiple of 27?
True
Is 147986271 a multiple of 10?
False
Is 2355859 a multiple of 86?
False
Does 20 divide 26336351?
False
Does 87 divide 62458